mber?
True
Suppose 3*d - 9*m - 4597 = -13*m, 3*d - 4589 = -2*m. Is d a prime number?
False
Let y = 3 + 5. Is y/(-48) + (-979)/(-6) prime?
True
Suppose 0 = b + 4*s - 235, -4*b = 2*s - 6*s - 940. Is b a composite number?
True
Let s be (-6 - 0)*(3 + -21). Suppose -2*z + 6*z = s. Suppose 3*b - z = 3. Is b prime?
False
Let f(b) = b**3 - 5*b**2 - 5*b + 3. Let h be f(6). Let w = h - 7. Suppose n - 77 = w*r, -4*n = n + 5*r - 310. Is n prime?
True
Suppose 26*n = 25*n + 19. Is n a composite number?
False
Suppose 0 = 5*d - 6*d. Suppose n = -d*n. Suppose n = -2*q - 35 + 137. Is q prime?
False
Suppose 5*v + 0*v - 703 = -4*u, 0 = -5*u + 10. Is v composite?
False
Let q = 21 - 17. Suppose -q*n + 5 = k - 0*n, -k + 29 = -2*n. Is k a composite number?
True
Let z(u) be the third derivative of -1/6*u**3 - 1/24*u**4 + 0 - u**2 + 0*u. Is z(-4) composite?
False
Suppose 0 = 2*x - 233 - 93. Is x composite?
False
Let b(t) = t**2 - 9*t + 8. Let r be b(7). Let m(u) = -3*u**3 - 5*u**2 - 1. Is m(r) a composite number?
False
Let k = -21 + 104. Let h = k + 6. Is h composite?
False
Let b(m) = m**2 - m - 2. Let i be b(2). Suppose 0 = -i*x + 2*x - 8. Is x/(-18) + 260/36 composite?
False
Let t be 1 - (0 + (-47 - -1)). Suppose -3*x - 12 = 0, -l + 2*x = 3*l - 8. Is (l - 0) + t + 6 a composite number?
False
Suppose -5*x + 2*n + 2*n = -8, 3*x = 4*n. Suppose x*y + 3*d - 165 = 0, -2*d = 5*y - 3*y - 84. Is y prime?
False
Let m be -2*(-28)/16*6. Is (m - -1)/((-10)/(-145)) prime?
False
Let f = 2 - -11. Is f a prime number?
True
Suppose d - 2*a = -6*a + 15, 4*d + 3*a = 47. Suppose -2*k + 60 = 5*z, 2*z - d - 14 = -k. Is (-145)/(-2)*8/z composite?
True
Let w(l) = 2*l**2 + 2*l - 1. Let t be w(1). Let d(h) = 12 - h**3 + 1 - t. Is d(0) a composite number?
True
Suppose 0 = 4*z - 9 - 3. Suppose -2*g + z*g = -2*q + 4, 4 = 4*q + g. Suppose 59 = r - q*r. Is r a prime number?
True
Suppose 5*j + 2*k - 2 = -1, 5*j - k - 7 = 0. Let o = 4 - 2. Is o + ((-10)/(-2))/j a composite number?
False
Let d = 28 - -88. Let m = d - 19. Is m prime?
True
Suppose -2*c - c = -15. Suppose -6*z + 2*m + 10 = -2*z, -4*z - c*m = -31. Suppose 115 = 5*w - z*d, -w = 2*w - 2*d - 69. Is w prime?
True
Suppose -4*q + 3*w = -4, 2*q + 4*w + w = 28. Let s(k) be the first derivative of 29*k**2/2 - 5*k + 10. Is s(q) a prime number?
False
Suppose -5*y = -3*b + 4 + 11, -5*y + 10 = 2*b. Let l = 3 - y. Is (l - 1) + 4/2 prime?
False
Let p be (-7)/28 + (-7314)/(-8). Is p/10 + 2/(-5) a prime number?
False
Let g = 123 - 26. Is g a composite number?
False
Let k = 89 - -221. Suppose 5*i - k = -5*u, -5*u + 2*u + 3*i + 216 = 0. Is u a prime number?
True
Let k = 5 + -2. Suppose -k*x = -1 - 92. Is x composite?
False
Is 1*-4*(-4906)/88 a prime number?
True
Let s(a) = 2*a**3 - 13*a**2 + 4*a + 9. Let i be s(9). Is 1/4 + i/24 prime?
True
Let h be -3 + (8 - (-1)/1). Is -2*3/(h/(-95)) a composite number?
True
Let h be 6/2 - (-12)/1. Suppose 0 = 4*k - 20, h - 153 = -j + 2*k. Let l = j + -53. Is l a prime number?
False
Suppose -5 = -a - 5*b, 3*a + b - 6*b + 5 = 0. Let j be 5*(0 + -3 - a). Is (-976)/(-20) - 3/j a prime number?
False
Suppose -n + 3*l + 7 = 0, 0*n - 17 = n + 5*l. Let b = 5 - n. Is b a prime number?
True
Let w(t) = 20*t**2 - 1. Is w(-3) prime?
True
Let z be (-2)/4 + 21/2. Let o = -3 + z. Is o a prime number?
True
Let p(d) = 2*d**3 + 11*d**2 + 3*d - 41. Is p(8) a composite number?
True
Is (-1128)/(-10) - (-9)/45 a prime number?
True
Suppose 9 = -5*p + 24, -5*d = -2*p - 4849. Is d composite?
False
Let m(z) = 15*z - 7. Let i(x) = -15*x + 6. Let w(c) = -3*i(c) - 2*m(c). Is w(9) a composite number?
False
Let p(k) = k**3 - 4*k**2 + 3*k + 2. Let l be p(3). Is (2 - 1)/(l/502) prime?
True
Suppose 4*k + 7 + 5 = 4*c, -2*c - k + 3 = 0. Is c + 223 + -3 + 1 a prime number?
True
Let m(d) = 23*d**3 + d**2 - 3*d + 3. Let g(w) = w + 10. Let j be g(-8). Is m(j) composite?
True
Suppose -26 = -4*m - 6. Suppose -5*u + 2*d = -0*d + 55, -2*u - 51 = m*d. Let i = u - -47. Is i composite?
True
Let w(f) = f**2 - f - 4. Let r be (-6 + 5)*(-2)/(-1). Let u be 1/2*(r + 14). Is w(u) a composite number?
True
Let m(d) = 2*d - 5*d**2 + 8*d**2 + 7 + 7*d**2. Is m(6) prime?
True
Let y be 28/(-6)*6/2. Let g be y/(-18) - 2/(-9). Suppose g = 4*x - 23. Is x prime?
False
Let v = -5952 + 10485. Is v a prime number?
False
Let s(c) = -66*c - 1. Suppose -l + 6*l - t + 8 = 0, 3*l + 12 = 3*t. Is s(l) composite?
True
Let q(p) = -11*p + 6. Let k be q(-6). Suppose o = -3*o + k. Let f = -5 + o. Is f a composite number?
False
Let h(v) = -v**2 - 21*v + 14. Is h(-16) prime?
False
Suppose -4*a + 5*n - 177 = 0, a - 3*a = 2*n + 102. Let h = -47 + 30. Let q = h - a. Is q a prime number?
True
Let i be ((-4)/8)/((-2)/12). Let b(q) = 0 + 8*q**2 - 2*q + 2 - 6*q**2 + q**i. Is b(2) a composite number?
True
Let l(m) = m**3 + 12*m**2 + 11*m + 3. Let p be l(-11). Let a(r) = -5*r + 9 - 5 + 5 - p. Is a(-5) prime?
True
Suppose -33 = -4*o + 43. Is o a prime number?
True
Let b(w) = 3*w + 1. Let j be (-5)/1 + 2 - 1. Let v be b(j). Let o(u) = u**3 + 10*u**2 - 13*u. Is o(v) a prime number?
False
Suppose -2*o = -5*u - 7*o + 410, 0 = -o + 5. Is u a composite number?
True
Let x(n) = 40*n**2 - 2 + 9*n**2 + 1 - n. Is x(-1) a composite number?
True
Let z = -308 - -614. Suppose -4*b + 5*s + z = 0, -2*b + 3*s = -0*b - 152. Is b a prime number?
True
Suppose 3*x + 1162 = 2*u, -u + 583 = -0*x - x. Is u prime?
True
Suppose -2*i = 2*i - 220. Suppose -5*h = i - 240. Suppose 3*z = h + 74. Is z a prime number?
True
Let l be ((-2)/(-1))/(1 + -2). Let j = 1 - l. Is 94/6 + (-2)/j prime?
False
Let v(l) = -l**3 - l**2 + 2*l. Let o be v(-2). Suppose o*f = -2*f + 4, 4*a = 2*f + 280. Is a a composite number?
False
Let d(x) = 28*x**2 - 3*x - 4. Let k(h) = -2*h + 1. Let z be k(2). Is d(z) a composite number?
False
Let w = -483 - -2324. Is w a composite number?
True
Let w(x) = 4*x**2 + 2*x + 1. Let m = -6 + 4. Is w(m) a prime number?
True
Is ((-2)/(-4))/((-11)/(-2486)) a composite number?
False
Let z(j) = -j**3 + 3*j**2 - 3. Let h be z(3). Is 12*((-7)/(-4) - h) a composite number?
True
Let g(r) = r**2 + 2*r - 1. Let v be g(-3). Is (-118)/3*(-3)/v composite?
False
Let f be 876 - -2*1*1. Suppose 2*a - 4*a = f. Let x = a - -650. Is x prime?
True
Let d(w) = 25*w**3 + 7*w - 9. Is d(4) prime?
True
Let i(x) = -x**2 - 3*x + 1. Let b(v) = 2*v**2 + 3*v - 1. Let j(c) = 4*b(c) + 5*i(c). Is j(-5) a prime number?
False
Suppose 20*w + 7664 = 28*w. Is w composite?
True
Let z = 613 + -231. Is z composite?
True
Let f(n) = n**3 + 5*n**2 - 6*n + 3. Let x be 2/4*60/(-5). Let t be f(x). Suppose 0 = -2*a - t*p + 40, -5*p = 2*a - 6*a + 102. Is a composite?
False
Let s be 3/3 - (-278)/2. Suppose -5*t = -t - s. Is t a composite number?
True
Let s = 34 - -223. Is s a prime number?
True
Let b = 3746 - 927. Is b a composite number?
False
Suppose -t + 4057 = -z, 3*z = -5*t - 2*z + 20255. Is t a prime number?
False
Let o = 64 + -61. Is o prime?
True
Suppose 3*j - 4*j + 37 = 3*k, -18 = -2*k - 2*j. Suppose -145 = -l - k. Is l a prime number?
True
Let b = -5 - -6. Let v(i) = 18*i**3 - i + 1. Let m be v(b). Suppose -3*r = -m - 21. Is r a composite number?
False
Let d = -17 + 30. Suppose -x - d = 10. Let w = x - -36. Is w composite?
False
Suppose n = -3*q + q + 207, -3*n + 643 = -5*q. Is n a composite number?
False
Let v be (-8)/3*(-3)/2. Suppose 9 = -5*x - v*z, 0 = -3*x + 4*z + 1. Is x/((6/(-2))/21) composite?
False
Is (4/(-5))/(-2) + 10098/30 a composite number?
False
Let m(n) = -12*n**3 + n**2 + 5*n - 2. Let l be m(3). Let a be l/(-8) + 2/8. Suppose 3*u - a = u. Is u composite?
False
Is (-40)/(-12)*(-402)/(-4) a prime number?
False
Let c(n) = n**3 - n + 15. Let p be c(0). Suppose 0 = 3*a + 2*a + p. Is 1 - (2 + a + -189) composite?
False
Let s = -6 + 8. Let t(k) = -1 + k**2 - 4*k - s*k**2 - k**2 + 8*k**2. Is t(4) composite?
False
Let i be (-34)/(-10) + (-4)/10. Suppose i*b + 63 = 6*b. Is b a composite number?
True
Let l = 590 - 342. Suppose s = -3*s + l. Is s a prime number?
False
Let j = 207 - 100. Let i = j - 30. Is i composite?
True
Let w = -11 - -15. Suppose -5*q = -3*j - 16, 5*j + 0*q = -w*q - 2. Is 3 + j - (0 + -10) a prime number?
True
Let r(f) = -68*f**3 - f**2 + 2*f + 2. Is r(-1) a prime number?
True
Let k be ((-36)/(-30))/(6/20). Suppose z = -k*z. Suppose -5*w + 2*p 